ose -x + q - 10 = 0. What is the units digit of x?
4
Let i be (-6 - 22)*(-6)/8. Suppose h - 13 = i. What is the units digit of h?
4
Let i be (20/(-30))/((-2)/27). Let w = i + -7. What is the units digit of w*(3 - 5)*-1?
4
Suppose 5*s - 31 = 44. Suppose -12*u + s*u = 42. Let w = u + 11. What is the units digit of w?
5
Let q = -111 + 314. Suppose 0 = -t + 2*t - 3*z - q, 947 = 5*t + 2*z. What is the units digit of t?
1
Let t = 1004 - 658. What is the hundreds digit of t?
3
Let a = 92 - -19. What is the hundreds digit of a?
1
Suppose -3*d + 194 = -316. Let w = -10 + 14. Suppose h = -w*h + d. What is the tens digit of h?
3
Suppose -5*u - k - 13 = -8*u, -2*k = -4. Suppose -5*l + 5*c = -730, 5*l = 2*c - u*c + 722. What is the units digit of l?
5
Let n(c) = -2*c - 26. Let d be n(-8). Let x = 30 + d. What is the units digit of x?
0
Suppose 9*w = 5*w + 16. Suppose -4*c = 4*r + r - 425, 4*r + w*c = 344. What is the tens digit of r?
8
Suppose -2*t + 4*n = n + 30, 0 = -5*t - 5*n - 75. Let l be (5/(-10))/(3/(-162)). Let q = t + l. What is the units digit of q?
2
Let n = -63 + 244. Let t = 309 - n. Let i = -76 + t. What is the tens digit of i?
5
Suppose u = -3*v - 6 + 2, 0 = -4*v - 5*u - 20. Let h(x) = v + 8*x + 11 - 5 - 4. What is the units digit of h(2)?
8
What is the units digit of 3936/20*80/32?
2
Let o(m) = -2*m**2 - 104*m - 100. What is the units digit of o(-44)?
4
Let z(t) = 2*t**2 - 9*t + 99. What is the tens digit of z(12)?
7
Let t(c) = c**2 - 2*c - 20. Let p be t(-6). What is the tens digit of ((-70)/p)/(2/(-48))?
6
What is the units digit of -1 + (-2 - (-2438 - (6 + -5)))?
6
Let o(g) = -g**2 - 5*g - 2. Let q be o(-3). Suppose 0 = 2*f - 0*d - d + 13, q*d = 2*f + 28. What is the units digit of (f - 0) + (16 - 1)?
1
Suppose 8 = 6*t - 10. Let z be (8/10)/(2/10). Suppose d = t*d - z. What is the units digit of d?
2
Let a = -26 - -26. Suppose -3*z + 3*x + 6 = 0, -z + a = x - 4. What is the units digit of z?
3
Let a = 6 - 4. Suppose -4 = -a*b, b + 4*b = 3*u + 109. What is the tens digit of (-2)/11 - 732/u?
2
Let r be 3 - (0/(-3) + 1). Suppose -r*t = -2 - 2. Suppose -2*w = i + w - 23, 0 = -t*i - 4*w + 46. What is the units digit of i?
3
What is the hundreds digit of 1*1281/28*4?
1
Suppose -5*f - 40 = 3*f. What is the units digit of (-4)/f - (-1162)/10?
7
Suppose 72*p - 66*p - 714 = 0. What is the hundreds digit of p?
1
Suppose -f + m - 5 = 6, 4*m = 2*f + 16. Let d = f - -17. Suppose -d*k = -3 - 0. What is the units digit of k?
1
Suppose 7*f - f - 30 = 0. Suppose 3*v = f*o - 304, -2*o - v + 109 = 2*v. Suppose 6*p - o = 61. What is the units digit of p?
0
What is the thousands digit of (5 + 1)/(-1 - (-4851)/4833)?
1
Let a = -29 + 30. What is the tens digit of (a + -4)*(-15 + 0)?
4
Suppose -7511 + 2595 = -4*u - 4*l, u + 4*l = 1229. What is the hundreds digit of u?
2
Let k(n) = -7*n**3 + n. Let l be k(-1). Let d(z) be the third derivative of z**4/12 + 2*z**3/3 - 2*z**2 + 10*z. What is the units digit of d(l)?
6
What is the units digit of (-114)/(-38) + (-1 - -1247)?
9
Suppose 5*y + 4*i = 2695, -5*y + 0*i - 2*i = -2705. Suppose 4*k = o - 104, 0 = -0*o + 5*o + 3*k - y. What is the units digit of o?
8
Suppose -m + 4*c = -9 - 10, 4*m = 3*c + 11. Let a be (-28)/(-14) + m*19. What is the tens digit of (-4)/(-4) - a - 3?
1
Let g = 1104 - 440. What is the units digit of g?
4
Let b be (-2)/4*(-18 - -2). Suppose -5*m = j - b, 3*j - 5*j - 3*m + 9 = 0. What is the units digit of 28 - (24/(-4) + j)?
1
Let g(z) = -2*z + 37. Let r be g(16). Suppose -r*i + 71 + 49 = -4*h, 145 = 5*i + h. What is the units digit of i?
8
Let b = -447 + 1297. What is the tens digit of b?
5
Suppose -2*p + p - 41 = 0. Let m = p - -95. What is the tens digit of m?
5
Let z = -65 + 67. Suppose 23 - z = b. What is the tens digit of b?
2
What is the hundreds digit of -2*(915/(-9) + (-20)/(-12))?
2
Let y(j) = 2*j - 8. Let q be y(6). Let g(r) = -2*r + 8. Let h be g(q). Suppose -c - 30 = -n, h*c + 40 = 2*n + 2*c. What is the tens digit of n?
2
Suppose -73 + 9 = -8*k. Suppose 31 = -7*p + k*p. What is the tens digit of p?
3
Let k(u) = u**2 - 15*u. Suppose 2*p = 16 + 16. What is the units digit of k(p)?
6
Suppose -a + 52 = -20. Suppose 4*y - a = 16. What is the tens digit of y?
2
Let j = -26 + 39. Suppose g + j = 20. What is the units digit of g?
7
Suppose 3*x + 62 = -156*s + 151*s, 3*s - 4*x = -43. Let f be 9*3 - 0/1. Let p = s + f. What is the tens digit of p?
1
Suppose -118 = 8*p - 310. Let i = p + 36. What is the tens digit of i?
6
Let t = -14 - -20. Let c(y) = -2*y**3 - 9*y + 4 + y**3 + 8*y**2 - y + y. What is the units digit of c(t)?
2
Let v be (-6)/39 - (-602)/26. Let j = v + 10. What is the tens digit of j?
3
Suppose y - 345 = 716. What is the hundreds digit of y?
0
Suppose 3*x - 353 = -y, -2*x + 241 = -0*y - 5*y. What is the hundreds digit of x?
1
Let v(n) = n**3 - 14*n**2 - 13*n + 20. Let t be -2 - (-168)/10 - 2/(-10). What is the tens digit of v(t)?
5
What is the thousands digit of (-24)/324*-22521 + 4/(-18)?
1
What is the tens digit of 194*1*(-4)/32*-4?
9
Suppose -52 = 4*t + 3*z, 2*z + 3*z = -t + 4. Suppose 4*i + 43 = a, -2*i - 5*a = -3*i - 6. Let x = i - t. What is the units digit of x?
5
Suppose 27*r = 20*r + 4718. Let g = r + -479. What is the units digit of g?
5
Let s be 2/(-3*(-1)/6). Suppose 3*n - 63 = -s*o, 5*o = -2*n + 8 + 34. What is the tens digit of n?
2
What is the units digit of 3 + 1 + (22 - (-7 - 1))?
4
Let g(o) = -27*o - 14. What is the hundreds digit of g(-14)?
3
Let j = 27 - 23. Suppose -2 - 4 = -2*w + j*t, 4*t = 3*w - 15. Let f = 19 - w. What is the units digit of f?
0
Let j(y) = y + 18. Let h be j(8). Let q = 33 - h. Suppose -q*u = -3*u - 76. What is the units digit of u?
9
Let p be (-8)/(-2) + (-43 - 6). Suppose -4*j = -5*j - 20. What is the units digit of (-1)/4 + p/j?
2
Suppose -4*m - 3*a + 35 = -20, a = 1. Suppose -l - 5*f = 18, 4*l + 2*f - m = -f. Suppose v = 10 + l. What is the tens digit of v?
1
Let h(i) = 184*i**2 - 8*i + 7. What is the hundreds digit of h(1)?
1
Suppose -3*m + 163 = -98. Let q = m - 182. What is the units digit of (q/(-25))/(2/10)?
9
Let k = -3 - -7. Suppose -4*u = -b + 6, 6*u + 2 = 4*u. Suppose -s = -b*z - 3*s + 50, 2*z - 60 = -k*s. What is the units digit of z?
0
Suppose 4*k - 2*n - 3*n = 26, -8 = -4*k - 4*n. Suppose -5*m + 3 = -3*p + 21, 0 = -p - k*m + 6. What is the units digit of p?
6
Let x = -623 + 999. What is the hundreds digit of x?
3
Let f be (4 + -2)*(-21)/(-2). Suppose 50 = 2*i - 0. Let j = i + f. What is the tens digit of j?
4
Suppose 9*t + 4*o + 985 = 10*t, 0 = 4*o - 8. What is the units digit of t?
3
Let t(o) = 152*o + 203. What is the units digit of t(11)?
5
Let u = -69 + 90. Let l = 213 - u. What is the tens digit of l?
9
Let z be (-1453)/(-4) + 12/(-48). What is the hundreds digit of (-2)/3*(-33 - z)?
2
Let k(t) = -2*t**3 + t**2 - 2*t - 1. Let w be k(-2). Suppose 0 = -z - z - 8. Let r = z + w. What is the units digit of r?
9
What is the units digit of (11/(-4))/(-3 - 742/(-248))?
1
Let i(f) = -128*f - 97. What is the hundreds digit of i(-9)?
0
Suppose -82*f + 86*f = -40. Let i be (-17)/2 - (-4)/8. Let u = i - f. What is the units digit of u?
2
Let a = -462 - -892. What is the hundreds digit of a?
4
Let t(g) = g**2 + 3*g - 2. Let k be t(3). Suppose 0*h - k = 4*h. What is the tens digit of (-5)/((-6)/h - 2)?
1
Let m(f) = -12*f**2 + 10*f + 3*f + 13*f**2 - 28. What is the tens digit of m(5)?
6
Let h(n) = 0*n**3 - 3 + 2*n + 2*n**2 - 4*n + 0*n**2 - 7*n**3. What is the units digit of h(-1)?
8
Let a(r) = -8*r**2 - 2*r - 6*r + 10*r**2. Let g be a(-7). Let l = g + -88. What is the units digit of l?
6
Suppose -3 = y - 6. Let i be (-3)/3 + y - -28. Suppose -2*z = -i - 4. What is the tens digit of z?
1
Suppose -170 = 4*q - 2*n, -n + 43 = -q - 0*n. Let c be 13*(0 + -7) - 2. Let j = q - c. What is the units digit of j?
1
Let s(u) = 22*u - 13. Let n(r) = r**2 + r - 36. Let a be n(6). What is the hundreds digit of s(a)?
1
Let h = -373 - -927. What is the units digit of h?
4
Let b = -39 - 3. Let z = 85 + b. What is the tens digit of z?
4
Let g(a) = -a + 5. Let n be g(-13). Suppose -n*c - 1526 = -25*c. What is the units digit of c?
8
Let b = 61 + -55. Suppose -b*v + 1071 - 381 = 0. What is the hundreds digit of v?
1
Suppose -k - 3*k + b + 7 = 0, 0 